 by 19654?
363
Calculate the remainder when 1911191 is divided by 13.
9
What is the remainder when 171003834 is divided by 25?
9
Calculate the remainder when 66754 is divided by 182.
142
Calculate the remainder when 184873 is divided by 184549.
324
What is the remainder when 122798 is divided by 5884?
5118
What is the remainder when 362328 is divided by 3362?
2594
What is the remainder when 3144355 is divided by 1048096?
67
Calculate the remainder when 10982660 is divided by 3660886.
2
What is the remainder when 145890 is divided by 1090?
920
What is the remainder when 126661 is divided by 1137?
454
What is the remainder when 62509 is divided by 30419?
1671
What is the remainder when 13041608 is divided by 3344?
8
Calculate the remainder when 69697 is divided by 265.
2
Calculate the remainder when 1947558 is divided by 2556.
2442
What is the remainder when 11165035 is divided by 83?
41
What is the remainder when 42377 is divided by 13048?
3233
Calculate the remainder when 5704444 is divided by 36334.
6
Calculate the remainder when 19425375 is divided by 3885074.
5
Calculate the remainder when 34683877 is divided by 616.
613
Calculate the remainder when 13991382 is divided by 2021.
2020
What is the remainder when 4952779 is divided by 1017?
1006
Calculate the remainder when 35785094 is divided by 4467.
4424
What is the remainder when 34585173 is divided by 23274?
9
What is the remainder when 2505920 is divided by 9?
5
Calculate the remainder when 1704810 is divided by 266.
16
What is the remainder when 188976057 is divided by 5460?
5457
What is the remainder when 119419540 is divided by 1018?
1014
What is the remainder when 1327292 is divided by 1457?
1422
Calculate the remainder when 1721476 is divided by 9950.
126
What is the remainder when 849369 is divided by 2469?
33
What is the remainder when 12187025 is divided by 13632?
17
What is the remainder when 958259 is divided by 2958?
2825
What is the remainder when 31567823 is divided by 3636?
71
Calculate the remainder when 301291383 is divided by 344333.
8
Calculate the remainder when 154040 is divided by 2752.
2680
Calculate the remainder when 155338 is divided by 25645.
1468
What is the remainder when 46389145 is divided by 54?
13
What is the remainder when 439016 is divided by 5105?
5091
What is the remainder when 2637098 is divided by 243?
62
What is the remainder when 1870196 is divided by 233673?
812
What is the remainder when 498368 is divided by 279?
74
What is the remainder when 42424343 is divided by 133?
3
What is the remainder when 1084681 is divided by 655?
1
What is the remainder when 2538637 is divided by 212?
149
Calculate the remainder when 420762 is divided by 5685.
72
What is the remainder when 4225795 is divided by 123?
7
What is the remainder when 129903860 is divided by 11?
9
Calculate the remainder when 456278 is divided by 1925.
53
What is the remainder when 460594 is divided by 229511?
1572
Calculate the remainder when 136856 is divided by 68361.
134
Calculate the remainder when 12833723 is divided by 712983.
29
What is the remainder when 105344966 is divided by 11463?
11459
What is the remainder when 219169 is divided by 54784?
33
What is the remainder when 155810 is divided by 611?
5
What is the remainder when 1530541 is divided by 609?
124
What is the remainder when 135726 is divided by 291?
120
What is the remainder when 7519926 is divided by 112?
22
Calculate the remainder when 345524392 is divided by 11556.
11548
What is the remainder when 6049887 is divided by 416?
415
What is the remainder when 142165 is divided by 71032?
101
What is the remainder when 118464897 is divided by 1986?
1983
What is the remainder when 292494 is divided by 3849?
3819
What is the remainder when 608425 is divided by 1575?
475
Calculate the remainder when 42664 is divided by 9198.
5872
What is the remainder when 3725988 is divided by 36172?
272
What is the remainder when 184035 is divided by 1819?
316
What is the remainder when 874645 is divided by 1861?
1836
Calculate the remainder when 189016 is divided by 62550.
1366
Calculate the remainder when 63270 is divided by 1830.
1050
What is the remainder when 305633 is divided by 305538?
95
Calculate the remainder when 100890 is divided by 435.
405
What is the remainder when 528804 is divided by 2393?
2344
What is the remainder when 17341 is divided by 692?
41
What is the remainder when 3837049 is divided by 716?
5
What is the remainder when 178164394 is divided by 41803?
8
Calculate the remainder when 184450 is divided by 183540.
910
Calculate the remainder when 555739 is divided by 2112.
283
Calculate the remainder when 9191955 is divided by 302.
283
What is the remainder when 1088738 is divided by 528?
2
Calculate the remainder when 75740150 is divided by 49150.
0
What is the remainder when 3240970 is divided by 229?
162
Calculate the remainder when 816226 is divided by 19432.
82
Calculate the remainder when 537038 is divided by 1058.
632
What is the remainder when 21606351 is divided by 63?
60
Calculate the remainder when 238010 is divided by 59494.
34
Calculate the remainder when 22232253 is divided by 2410.
3
Calculate the remainder when 30052115 is divided by 94.
33
What is the remainder when 92121 is divided by 1584?
249
Calculate the remainder when 1431642 is divided by 1236.
354
What is the remainder when 112241 is divided by 55969?
303
Calculate the remainder when 4871392 is divided by 487138.
12
Calculate the remainder when 24535 is divided by 9711.
5113
What is the remainder when 278559 is divided by 20?
19
Calculate the remainder when 112645928 is divided by 521.
518
What is the remainder when 39725844 is divided by 546?
522
What is the remainder when 1669227 is divided by 72575?
2
Calculate the remainder when 33612282 is divided by 1153.
26
Calculate the remainder when 4431518 is divided by 15281.
28
Calculate the remainder when 2217396 is divided by 15.
6
Calculate the remainder when 46240905 is divided by 11560226.
1
What is the remainder when 4279189 is divided by 402?
301
What is the remainder when 12137749 is divided by 442?
429
What is the remainder when 154846211 is divided by 8602567?
5
What is the remainder when 46233 is divided by 400?
233
Calculate the remainder when 6161405 is divided by 3080575.
255
Calculate the remainder when 451340 is divided by 6538.
218
What is the remainder when 1672656 is divided by 15?
6
What is the remainder when 73243725 is divided by 22385?
5
Calculate the remainder when 905556 is divided by 19685.
46
Calculate the remainder when 203547 is divided by 1937.
162
What is the remainder when 438334278 is divided by 693?
690
What is the remainder when 4726575 is divided by 3916?
3879
What is the remainder when 327399 is divided by 29726?
413
Calculate the remainder when 27916553 is divided by 110342.
27
Calculate the remainder when 44635 is divided by 24.
19
Calculate the remainder when 31421610 is divided by 78.
12
Calculate the remainder when 31205 is divided by 31176.
29
What is the remainder when 481988 is divided by 580?
8
What is the remainder when 55700994 is divided by 42?
6
What is the remainder when 1651926 is divided by 4788?
66
Calculate the remainder when 24134 is divided by 23994.
140
What is the remainder when 1593799 is divided by 132?
31
What is the remainder when 22003903 is divided by 626?
3
Calculate the remainder when 12824032 is divided by 1424892.
4
Calculate the remainder when 471329 is divided by 2468.
2409
What is the remainder when 27735 is divided by 27657?
78
Calculate the remainder when 315361 is divided by 566.
99
What is the remainder when 221314 is divided by 20099?
225
What is the remainder when 3242071 is divided by 3242066?
5
Calculate the remainder when 46271 is divided by 437.
386
What is the remainder when 5162180 is divided by 1720701?
77
Calculate the remainder when 319685 is divided by 5925.
5660
Calculate the remainder when 4789454 is divided by 4789274.
180
Calculate the remainder when 7099 is divided by 2115.
754
What is the remainder when 1344519 is divided by 1441?
66
What is the remainder when 10632063 is divided by 1751?
1742
What is the remainder when 3622038 is divided by 89?
5
What is the remainder when 1539287879 is divided by 4485?
